ppose 0 = 4*h - 4. Suppose 5*q = 9 + h. Suppose 0*u + 5*n - 32 = -q*u, 26 = u + 5*n. What are the prime factors of u?
2, 3
Let q = -1 + 1. Suppose -v + 17 = -5*j - 28, -5*j + 135 = 5*v. Suppose 0*h - 3*h + v = q. What are the prime factors of h?
2, 5
Let y = -2 - -14. Suppose -3*n + 5*j = j - 18, 2*j + y = 3*n. Let b = 9 + n. What are the prime factors of b?
11
Let n = 73 - 56. What are the prime factors of n?
17
Let k = 92 + -135. List the prime factors of k/(-3) + (-4)/(-6).
3, 5
Let t(c) = c**3 + 10*c**2 - 15*c - 6. What are the prime factors of t(-11)?
2, 19
Let v(s) = s**2 + 8*s + 1. Let o be v(-8). Let l(t) be the second derivative of 4*t**4/3 - t**2/2 + 2*t. List the prime factors of l(o).
3, 5
Suppose 5*o - v - 775 = 4*v, 4*o + v = 615. List the prime factors of o.
2, 7, 11
Let x be 97/5 - 6/(-10). Suppose 0*m = m - x. List the prime factors of m.
2, 5
Suppose 41 = -4*v + 109. Let t = v - 36. Let j = t + 29. What are the prime factors of j?
2, 5
Suppose -3*s + 7 = 1. Let a be s/(3/3) - 3. Let f(t) = 6*t**2 - t. What are the prime factors of f(a)?
7
Let m = -2 - 1. Suppose 112 = -3*b + 11*b. What are the prime factors of (3*b)/m*-1?
2, 7
Let h = -129 + 227. What are the prime factors of h?
2, 7
Suppose 67 + 76 = x. Let n = x + -78. Suppose 0 = 7*h - 2*h - n. What are the prime factors of h?
13
Let y = -9 + 12. Suppose -y*c = -4*g + 2*g + 8, -2*c + 3*g = 12. Suppose -3*d - 15 = c, d - 35 = -8*x + 3*x. What are the prime factors of x?
2
Let a(c) = 13*c + 51. Let j(f) = -7*f - 26. Let r(p) = 6*a(p) + 11*j(p). List the prime factors of r(15).
5, 7
Let o be 0 + (0 + 3)/(-3). List the prime factors of (o - (0 + 0))*-5.
5
Let z(c) = c**3 + 7*c**2 - 8*c + 9. Let v(h) = -1. Let q(p) = -p**2 + 11*p + 4. Let x(o) = -q(o) - 6*v(o). Let n be x(10). What are the prime factors of z(n)?
3
Suppose -2*n + g = 0, -5*n + 32 = 4*g + 6. Suppose -2*q = 5*p + 2*q - 9, -2*p + 4*q = n. What are the prime factors of (2 + 15 + -1)/p?
2
Suppose -4*w = -12 - 0. Let l(s) = -s**3 - s**3 + 4 + w*s**3 - 7*s**2 - 2*s + 9*s. List the prime factors of l(6).
2, 5
Let k = -17 - -31. Let g be (5 + -11)/((-3)/2). List the prime factors of g/14 - (-94)/k.
7
Let v be -4*4/(-8) - -34. Let b = v + -9. List the prime factors of b.
3
Let g be 93/21 - (-6)/(-14). Suppose -g*h + 2*p + 64 = 0, 0 = 3*h + 3*p - 59 + 20. What are the prime factors of h?
3, 5
Suppose 67 = 3*y + 1. Let s = -1 - -1. Suppose -4*q + y - 2 = s. What are the prime factors of q?
5
Suppose 8*j = 10*j - 126. What are the prime factors of j?
3, 7
Let t(l) = l**2 + 5*l - 9. Let x be t(-7). Suppose x*o = 4*o + 3*w + 18, -3 = o + 4*w. What are the prime factors of o?
3
Let y(m) be the first derivative of 5*m**3/3 + m**2 + m + 2. Let t be ((-10)/(-30))/(2/(-6)). List the prime factors of y(t).
2
Let x be ((-2)/(-6))/((-3)/(-99)). Suppose -5*i + 76 = x. List the prime factors of i.
13
Let d(c) = -12*c - 55. What are the prime factors of d(-10)?
5, 13
Let l = 9 - 8. List the prime factors of 0 + l - (-40 + 6).
5, 7
Let t(y) = -15*y - 9. What are the prime factors of t(-5)?
2, 3, 11
Let d be 2/8 - (-4)/(-16). Suppose -5*o + o + 68 = d. Let i = -6 + o. What are the prime factors of i?
11
Let w(b) = 3*b**3 + b**2 - 4*b + 1. Let k(p) = p**3 - p**2 - p - 1. Let r(o) = 2*k(o) - w(o). Let c be r(-3). List the prime factors of (-84)/c - (-2)/3.
2, 5
Let v = -6 + 8. Suppose -v*c + 0*c = -6. Suppose r = -c*r + 36. List the prime factors of r.
3
Let z = 13 + 73. List the prime factors of z.
2, 43
Suppose -3*p + 8 + 4 = 0. Suppose b + p*b - 15 = 5*a, -3*b - 2*a - 6 = 0. Suppose j - 18 = -j - x, b = -3*j - 4*x + 37. What are the prime factors of j?
7
Suppose -9*r + 8*r + 185 = 0. What are the prime factors of r?
5, 37
Let r(f) = f - 7. Let k = -2 - -11. What are the prime factors of r(k)?
2
Let h = 82 + -51. Suppose 18 = 3*z - v, 5*z - 3*v + v - h = 0. List the prime factors of z.
5
Let t be -2 + 8*(0 + 1). Let a be (-2)/t + 21/9. What are the prime factors of (5/2)/(1/a)?
5
Suppose 0 = -5*x + s + 148, x + 14 = 2*x + 5*s. List the prime factors of x.
29
Let t(r) = r**2 - 5*r - 4. Let l be t(6). Suppose 3*o + 0*o - 22 = 4*w, -4*o + 8 = 0. What are the prime factors of (l/w)/((-2)/8)?
2
Let a(i) = 10*i + 1. List the prime factors of a(2).
3, 7
Let a(n) = -n**2 + 9*n + 1. Let k be a(7). What are the prime factors of (k*1)/(-8 - -9)?
3, 5
Let s = -18 - 2. Let j(b) = -b - 30. Let g be j(13). Let o = s - g. What are the prime factors of o?
23
Let t(h) = 2*h - 4. Let i be t(5). What are the prime factors of i + (-2 - (3 + -5))?
2, 3
Let j = -67 + 39. Let c = -17 - j. List the prime factors of c.
11
Let k(p) = p + 7. List the prime factors of k(9).
2
Let j = 4 + 2. Let q(z) = 2*z - 3. List the prime factors of q(j).
3
Let f be 1/5 - 238/(-10). Let h(r) = -2*r**2 - 6*r - 6. Let p be h(-4). Let k = p + f. What are the prime factors of k?
2, 5
Suppose 0 = -3*h + h + 32. Let j = h + 6. Let r = 33 - j. What are the prime factors of r?
11
Let q(d) = d**3 - 2*d + 107. What are the prime factors of q(0)?
107
Let d(l) = 11*l - 3. Let n be d(4). Suppose 0 = -3*v + 79 + n. List the prime factors of v.
2, 5
Let v(z) = -z**2 + 8*z - 8. Let c be v(7). Let f be c/(-2) - 356/(-8). Suppose 2*l = -4*r + 30, -l - 4*l = 4*r - f. List the prime factors of l.
5
Suppose -5*r + 8 = -3*r. Suppose 3*m + 8 + 7 = -3*t, 4*m - r = 4*t. Let d = -1 - t. List the prime factors of d.
2
List the prime factors of (354/12)/(2*(-3)/(-12)).
59
Suppose 0 = -q + 5*q - 4. Suppose -o - q + 6 = k, -3*k + 9 = 0. Suppose -o*a = -a - 3. What are the prime factors of a?
3
Let u = 1 + -6. What are the prime factors of u/(-3)*(2 - -7)?
3, 5
Let m = -22 + 3. Let f = -12 - m. List the prime factors of f.
7
Let r = 0 + 21. Suppose -3*o + r = -3*f, o = -0*f - 5*f - 11. List the prime factors of o.
2
Let f(x) = -x**3 + 5*x**2 - 2*x + 3. Let g be f(4). Let o = g - -2. List the prime factors of o.
13
Let h be ((-24)/(-9) - 2)*-78. What are the prime factors of (h/3)/((-16)/24)?
2, 13
Suppose 48 = 2*j + 4*y, -120 = -5*j - 0*y - y. List the prime factors of j.
2, 3
What are the prime factors of 31 - (-2 + 2 - 3)?
2, 17
Let c be ((-3)/(-3))/(3/9). Suppose 4*m - 25 = c*m. List the prime factors of m.
5
Suppose 0 = 4*v - 3*q - 66, 5*q + 44 = 4*v - v. Let a = 5 + -2. Suppose 3*z - v = a*o, -z + 3*o + 18 = -o. What are the prime factors of z?
2
List the prime factors of 0 + (1 + -79)/(-2).
3, 13
What are the prime factors of 30/((30/(-4))/(-5))?
2, 5
List the prime factors of (-30)/(-12)*-14*(-7)/5.
7
Let n(j) = -j**2 - 9*j + 17. List the prime factors of n(-10).
7
Suppose 0 = -3*o + 2*f + 10, 0*o = -4*o - 4*f. Suppose -r + o = -2. Suppose -3*w = -2*n + 1, -r*n + 10*w = 5*w - 5. What are the prime factors of n?
5
List the prime factors of 36 + 8 - (-3 + 2).
3, 5
Let s(x) = -x**2 - 1. Let v be s(-3). Let y be (-1)/2 - 245/v. List the prime factors of (y/(-18))/(2/(-27)).
2, 3
Let c(r) be the third derivative of -r**6/120 - r**5/15 - r**4/4 - r**3/2 + 4*r**2. List the prime factors of c(-4).
3, 7
Let u(a) = -a - 1. Let k be u(1). Let f = 2 + k. Suppose -2*y + 9 + 13 = f. What are the prime factors of y?
11
Let u = 21 + -16. List the prime factors of u.
5
Let p(c) = -c**2 - 8*c + 3. Let o be p(-8). Let l = 1 + -1. Suppose -o*w = -l*w - 24. List the prime factors of w.
2
What are the prime factors of ((-6)/15)/(8/(-2520))?
2, 3, 7
Let r be (-6)/12 - (-22)/4. List the prime factors of 0 - (-5)/(r/14).
2, 7
Let z = 596 + -409. What are the prime factors of z?
11, 17
Let r(n) = -n**2 + 5*n - 4. Let y be r(4). List the prime factors of 0 - (y + -1 + -2).
3
Let a be 2/3 + 182/6. Let q = -12 - 8. Let g = q + a. List the prime factors of g.
11
Let r = -1 - -1. Let z = r - -4. Suppose z = f + f. List the prime factors of f.
2
Let s = 16 + 32. Suppose -5*o = -3*m + s, 2*o + 3*o + 42 = -3*m. What are the prime factors of (-195)/o - (-2)/6?
2, 11
Let z(t) be the third derivative of t**5/60 - t**4/24 + 31*t**3/6 - 6*t**2. List the prime factors of z(0).
31
Let c(f) = 2*f**3 - f**2 + 1. Let x(g) = 2*g**2 + 2*g - 2. Let v be x(-2). List the prime factors of c(v).
13
What are the prime factors of 60/4*5*(-20)/(-15)?
2, 5
Suppose 5*j - 180 = -0*j. List the prime factors of j.
2, 3
Suppose -4 = -5*y + 1. Suppose -2*s = f